
What is -30101302 (base 4) in base 9?
-75877
101022 (base 3) to base 6
1142
What is -791 (base 16) in base 8?
-3621
Convert 233233 (base 4) to base 5.
44210
Convert 364 (base 11) to base 13.
274
Convert 2230 (base 11) to base 5.
43222
212211001 (base 3) to base 6
212214
6d25 (base 15) to base 3
1011211122
What is 1426 (base 10) in base 5?
21201
What is -3a04 (base 12) in base 3?
-100002111
Convert -367a (base 15) to base 5.
-332330
What is -1a84 (base 15) in base 12?
-33b1
What is -224 (base 16) in base 3?
-202022
Convert 110111100111001 (base 2) to base 10.
28473
-5144 (base 8) to base 14
-d80
What is -14270 (base 8) in base 14?
-2440
Convert 360145 (base 7) to base 13.
23710
What is -51255 (base 6) in base 10?
-6803
51133 (base 7) to base 5
344141
What is aa3 (base 12) in base 4?
120123
Convert 244 (base 13) to base 8.
612
25456 (base 8) to base 10
11054
What is -1643 (base 7) in base 9?
-822
-1520 (base 15) to base 12
-2756
Convert -1243 (base 11) to base 6.
-11300
Convert 211100 (base 3) to base 15.
2a3
What is 2a3 (base 14) in base 8?
1027
474 (base 10) to base 5
3344
Convert -120011122 (base 3) to base 12.
-6498
What is 564 (base 14) in base 6?
4540
238c (base 14) to base 10
6200
What is -100312023 (base 4) in base 6?
-1251243
Convert 9883 (base 10) to base 16.
269b
-22a36 (base 11) to base 6
-413401
Convert 340 (base 7) to base 4.
2233
-2825 (base 9) to base 11
-1666
What is -33222 (base 4) in base 9?
-1333
What is -1239 (base 11) in base 5?
-22430
-30333 (base 4) to base 6
-3503
What is -1000000 (base 4) in base 5?
-112341
13921 (base 13) to base 5
2133300
What is -496 (base 13) in base 2?
-1100011111
Convert -400d (base 14) to base 10.
-10989
What is -1575 (base 9) in base 2?
-10010110010
What is 12142 (base 5) in base 12?
64a
Convert -2102 (base 6) to base 8.
-726
What is -312414 (base 5) in base 8?
-24167
Convert -4657 (base 10) to base 15.
-15a7
Convert -1020022200 (base 3) to base 8.
-57343
-901 (base 12) to base 13
-78a
What is -13232 (base 4) in base 15?
-22e
485 (base 13) to base 14
401
What is 1195 (base 12) in base 13?
b99
1202202 (base 4) to base 6
45110
-380 (base 9) to base 13
-1b3
What is 6e6b (base 16) in base 2?
110111001101011
What is -50733 (base 8) in base 4?
-11013123
724 (base 11) to base 7
2355
Convert 13033 (base 4) to base 12.
327
2245 (base 6) to base 13
320
What is -436 (base 8) in base 6?
-1154
Convert -beb (base 15) to base 13.
-12c5
What is -12535 (base 6) in base 15?
-88b
What is 6b8 (base 13) in base 9?
1534
10235 (base 7) to base 5
40100
Convert -5d62 (base 16) to base 10.
-23906
-411 (base 9) to base 14
-19c
202330 (base 5) to base 15
1e45
-15 (base 13) to base 16
-12
Convert -3375 (base 10) to base 14.
-1331
-5524 (base 9) to base 6
-30504
Convert 20214 (base 5) to base 9.
1714
Convert -6226 (base 8) to base 7.
-12252
What is -12112220 (base 4) in base 15?
-7a9e
Convert 20046 (base 8) to base 2.
10000000100110
Convert -7a8 (base 12) to base 2.
-10001110000
What is 3142 (base 5) in base 7?
1142
-12607 (base 8) to base 5
-134021
What is 34506 (base 8) in base 2?
11100101000110
Convert 157e (base 16) to base 12.
3226
What is -110001000000000 (base 2) in base 8?
-61000
Convert 12273 (base 13) to base 2.
1000001001101011
What is 852a (base 12) in base 15?
44bd
-123 (base 8) to base 4
-1103
What is -455 (base 6) in base 14?
-cb
Convert -658 (base 11) to base 8.
-1425
1444 (base 9) to base 15
4cd
What is 48224 (base 9) in base 5?
2013020
-10211 (base 3) to base 16
-67
What is -22d (base 14) in base 4?
-12301
What is 5484 (base 13) in base 4?
2313321
Convert 22453 (base 7) to base 6.
42254
Convert -541060 (base 7) to base 4.
-112331020
Convert -2441 (base 7) to base 6.
-4115
What is 1350015 (base 6) in base 15?
179d5
Convert 113010 (base 6) to base 12.
5766
-39799 (base 10) to base 11
-279a1
What is 433 (base 11) in base 12?
374
Convert -8654 (base 9) to base 3.
-22201211
Convert 136466 (base 7) to base 14.
9836
-867 (base 11) to base 5
-13131
What is 4404 (base 7) in base 12?
ab0
What is 4141 (base 7) in base 16?
5aa
What is a1 (base 11) in base 12?
93
523 (base 6) to base 10
195
-3613 (base 13) to base 14
-2ac5
-1078 (base 13) to base 7
-6460
What is -1380 (base 12) in base 3?
-10002120
Convert 221 (base 8) to base 10.
145
Convert 1546 (base 7) to base 11.
516
What is 8f7 (base 16) in base 4?
203313
What is 12152 (base 6) in base 9?
2415
39999 (base 11) to base 10
57099
2813 (base 10) to base 16
afd
122333 (base 4) to base 3
2100222
-5b2 (base 14) to base 6
-5132
Convert -22011212 (base 3) to base 6.
-43335
Convert 110a (base 15) to base 14.
145c
What is 38 (base 10) in base 12?
32
What is 1b8 (base 13) in base 12?
228
What is 656 (base 16) in base 11?
1245
-100111000000011 (base 2) to base 10
-19971
-11457 (base 8) to base 13
-230a
-92c3 (base 15) to base 7
-156255
Convert 1ac0 (base 15) to base 8.
13255
1110101101110 (base 2) to base 9
11301
-1d1f (base 16) to base 15
-2320
What is -1030154 (base 6) in base 2?
-1100010110110110
What is -3310 (base 6) in base 3?
-1001020
-41414 (base 7) to base 8
-23652
Convert 11003 (base 4) to base 7.
641
-53050 (base 8) to base 12
-10920
What is 4a (base 14) in base 13?
51
Convert 13103 (base 4) to base 2.
111010011
Convert 1415 (base 9) to base 12.
74b
100011010101 (base 2) to base 11
1776
-1120202002 (base 3) to base 13
-1124c
What is 101010200 (base 3) in base 9?
11120
Convert -2201 (base 3) to base 8.
-111
Convert 100100110000110 (base 2) to base 5.
1100242
Convert -74087 (base 9) to base 2.
-1011111100011010
What is 254 (base 14) in base 12?
32a
Convert 11120200 (base 3) to base 5.
101324
Convert -2343 (base 10) to base 6.
-14503
What is -2323 (base 10) in base 9?
-3161
Convert -3110212 (base 4) to base 12.
-7a5a
-113 (base 9) to base 16
-5d
What is 2413403 (base 5) in base 10?
44853
What is -2141 (base 5) in base 6?
-1212
13a (base 11) to base 2
10100100
-17711 (base 8) to base 12
-4861
What is 20120313 (base 4) in base 15?
a2a9
Convert -237 (base 9) to base 4.
-3010
Convert 12221 (base 3) to base 2.
10100000
Convert 4458 (base 13) to base 6.
112053
What is 898 (base 12) in base 11?
a53
2b7 (base 14) to base 10
553
212313 (base 4) to base 3
10102010
24896 (base 11) to base 16
8b5f
-233 (base 13) to base 9
-462
31011202 (base 4) to base 7
312163
Convert 3024 (base 14) to base 5.
231024
Convert 102004 (base 5) to base 10.
3379
What is -b47 (base 13) in base 3?
-2122001
What is -10957 (base 12) in base 6?
-250151
Convert 4607 (base 8) to base 11.
1918
-64a0 (base 16) to base 3
-1022100002
What is 4077 (base 8) in base 12?
127b
-12267 (base 8) to base 2
-1010010110111
b8 (base 16) to base 11
158
-7320 (base 13) to base 10
-15912
-126530 (base 8) to base 10
-44376
-41023 (base 7) to base 6
-114044
Convert -1225 (base 7) to base 8.
-714
What is 110010011110000 (base 2) in base 7?
135223
Convert 144123 (base 5) to base 10.
6163
Convert -209e (base 15) to base 3.
-100110112
210302 (base 4) to base 7
6602
110011001011101 (base 2) to base 5
1314310
-5124 (base 8) to base 14
-d6c
Convert -465 (base 16) to base 8.
-2145
Convert 1101000110 (base 2) to base 8.
1506
Convert -144 (base 6) to base 11.
-59
Convert -dd (base 14) to base 10.
-195
What is -110100 (base 2) in base 13?
-40
What is 5243 (base 9) in base 5?
110341
-2221002 (base 3) to base 11
-1671
-21140 (base 7) to base 4
-1101212
Convert -555 (base 10) to base 9.
-676
Convert -38610 (base 9) to base 15.
-7a90
Convert 55b4 (base 12) to base 14.
3664
Convert -b4e7 (base 15) to base 4.
-21111202
Convert 10110100 (base 2) to base 5.
1210
What is -1311220 (base 4) in base 11?
-5724
Convert -100101 (base 2) to base 3.
-1101
What is 1078 (base 10) in base 11?
8a0
What is 3102 (base 4) in base 12?
156
What is -42a (base 11) in base 9?
-633
What is -12880 (base 11) in base 7?
-104345
What is 278 (base 16) in base 12?
448
Convert -30477 (base 8) to base 9.
-18257
Convert -26505 (base 9) to base 3.
-220120012
64371 (base 8) to base 13
c302
-2620 (base 10) to base 7
-10432
What is -112022 (base 5) in base 12?
-23a4
What is -25523 (base 7) in base 16?
-1a7b
-6628 (base 11) to base 15
-28cc
Convert -354a (base 11) to base 3.
-20101022
Convert 21671 (base 11) to base 9.
47077
What is -24782 (base 10) in base 11?
-1768a
-223510 (